number?
False
Is 34230397 a prime number?
True
Is 2051587 a composite number?
False
Is 48429523 a composite number?
False
Is 10200461 prime?
True
Is 4766213 composite?
False
Is 1797745 a composite number?
True
Is 2813099 composite?
False
Is 3154577 prime?
False
Is 78311 a composite number?
False
Is 2700659 prime?
False
Is 10935707 prime?
True
Is 847453 composite?
False
Is 18444707 prime?
True
Is 69115121 a prime number?
False
Is 401981737 a prime number?
True
Is 36803993 prime?
True
Is 114061 a composite number?
True
Is 384052663 a prime number?
False
Is 317488001 a composite number?
False
Is 139905283 prime?
False
Is 1728629 composite?
True
Is 1835089 prime?
False
Is 6879797 composite?
False
Is 43957717 composite?
False
Is 5504173 a composite number?
True
Is 980699 a prime number?
False
Is 277090313 prime?
False
Is 18526457 prime?
True
Is 112969457 composite?
False
Is 65598761 a composite number?
False
Is 29989903 a composite number?
True
Is 154724597 composite?
False
Is 1593229 a prime number?
False
Is 108987701 a prime number?
True
Is 1414597 prime?
True
Is 41326163 composite?
False
Is 60337591 a composite number?
False
Is 6494641 composite?
False
Is 64144343 composite?
False
Is 1350397 a prime number?
False
Is 67245179 a composite number?
True
Is 66361153 a composite number?
False
Is 3644321 a prime number?
True
Is 1541171 a composite number?
False
Is 608201 composite?
True
Is 4222177 a composite number?
False
Is 1664893 prime?
True
Is 9817 a prime number?
True
Is 347641 a composite number?
True
Is 6570533 a prime number?
False
Is 798251 a composite number?
False
Is 3235571 composite?
True
Is 1954553 a prime number?
True
Is 299917919 a composite number?
True
Is 16647238 a prime number?
False
Is 3384217 prime?
True
Is 259851061 a composite number?
True
Is 29542231 a composite number?
False
Is 4801001 prime?
False
Is 469486555 composite?
True
Is 192149 prime?
True
Is 76711979 prime?
True
Is 1115294665 composite?
True
Is 6784693 prime?
False
Is 108089 a prime number?
True
Is 1594443 a prime number?
False
Is 774719 a prime number?
False
Is 64406261 prime?
False
Is 21772207 prime?
True
Is 1962277 prime?
False
Is 1484137 composite?
False
Is 26184127 a prime number?
True
Is 14452883 composite?
False
Is 283753 prime?
False
Is 73657 a composite number?
True
Is 69452335 prime?
False
Is 14265539 a prime number?
True
Is 397067 a prime number?
False
Is 2204313 a prime number?
False
Is 11278621 a composite number?
True
Is 184504057 a composite number?
True
Is 6197837 a prime number?
False
Is 1070972281 a composite number?
False
Is 1081039 prime?
False
Is 63102395 a composite number?
True
Is 38001251 prime?
False
Is 83528113 composite?
False
Is 113996429 composite?
True
Is 3357719 a composite number?
False
Is 4209587 a prime number?
True
Is 614555927 a composite number?
False
Is 14921429 a composite number?
False
Is 27361183 a prime number?
False
Is 12024277 prime?
True
Is 16851047 composite?
False
Is 25558913 composite?
True
Is 12028201 composite?
False
Is 6374527 prime?
True
Is 1474417 composite?
True
Is 290357 composite?
True
Is 378266251 a prime number?
False
Is 25074087 a prime number?
False
Is 5452501 prime?
False
Is 29222681 prime?
True
Is 1141813 prime?
True
Is 16011131 a composite number?
False
Is 42231559 a prime number?
True
Is 4497847 a composite number?
True
Is 3426589 a prime number?
False
Is 19520807 composite?
False
Is 74671781 a prime number?
False
Is 19638005 composite?
True
Is 44889367 composite?
True
Is 144409877 a prime number?
False
Is 113856007 a prime number?
True
Is 13647601 a composite number?
True
Is 1551791 prime?
True
Is 49354891 a composite number?
False
Is 1785209 a prime number?
True
Is 21598559 prime?
True
Is 22755701 a composite number?
False
Is 23325317 composite?
False
Is 310482553 prime?
False
Is 6603287 composite?
True
Is 1410953 composite?
True
Is 1964719 composite?
False
Is 183259 a prime number?
True
Is 3018035 a composite number?
True
Is 43831 a prime number?
False
Is 24987799 composite?
True
Is 7311523 a prime number?
False
Is 8504453 a composite number?
True
Is 8471053 composite?
False
Is 5569481 a prime number?
False
Is 3447881 composite?
True
Is 792443 a prime number?
True
Is 24200699 a composite number?
True
Is 930379 composite?
False
Is 1773301 prime?
False
Is 248181871 a composite number?
True
Is 30735467 a composite number?
True
Is 272405563 a prime number?
True
Is 2158559 a prime number?
False
Is 761435 composite?
True
Is 42025897 a prime number?
False
Is 195997739 a composite number?
True
Is 6755387 prime?
False
Is 303034 prime?
False
Is 2903135 composite?
True
Is 74413931 a composite number?
True
Is 260815 a prime number?
False
Is 355125809 prime?
True
Is 4583837 a composite number?
True
Is 158855231 a prime number?
True
Is 28657403 a composite number?
True
Is 277132603 prime?
False
Is 201599 prime?
True
Is 1126877 prime?
False
Is 48463 composite?
False
Is 446388061 a prime number?
False
Is 31615919 a composite number?
False
Is 180956287 prime?
False
Is 75364717 composite?
False
Is 2140337 composite?
False
Is 1386853 prime?
False
Is 2007589 prime?
True
Is 1396929 a prime number?
False
Is 28230157 a composite number?
True
Is 654553 a composite number?
False
Is 251329 a composite number?
True
Is 660084227 composite?
True
Is 11253098 a composite number?
True
Is 4890383 a composite number?
False
Is 7318343 prime?
False
Is 4731971 prime?
True
Is 141435347 composite?
False
Is 2331557 a prime number?
True
Is 1531846721 a composite number?
False
Is 75238033 a composite number?
True
Is 4787039 composite?
False
Is 6589 prime?
False
Is 497624107 prime?
False
Is 4229663 composite?
True
Is 27566047 prime?
True
Is 881135357 a prime number?
True
Is 67801211 prime?
True
Is 72015794 a composite number?
True
Is 3738769 prime?
True
Is 170051551 composite?
False
Is 1689479 prime?
False
Is 5902397 prime?
True
Is 5404673 composite?
False
Is 7626979 a composite number?
False
Is 156818161 a composite number?
False
Is 12451619 prime?
True
Is 2841281 prime?
False
Is 507883555 prime?
False
Is 2459753 composite?
False
Is 36286691 prime?
False
Is 57655077 prime?
False
Is 5841541 a composite number?
True
Is 5170694 prime?
False
Is 2950001 a prime number?
True
Is 17893453 composite?
True
Is 85399771 composite?
False
Is 6873391 a prime number?
False
Is 5171521 prime?
True
Is 2195597 a prime number?
True
Is 19339693 composite?
True
Is 599231 composite?
False
Is 266411831 composite?
True
Is 313634 prime?
False
Is 7929685 a composite number?
True
Is 121306457 prime?
True
Is 89078421 composite?
True
Is 34374913 a prime number?
True
Is 95197 a composite number?
True
Is 7351183 prime?
False
Is 5971877 a composite number?
False
Is 10016093 a prime number?
True
Is 10074991 a prime number?
False
Is 98749111 a prime number?
True
Is 15566753 a prime number?
False
Is 39753929 prime?
False
Is 11601977 prime?
True
Is 3132799 a composite number?
False
Is 20516729 prime?
False
Is 524582983 a composite number?
True
Is 217778773 a prime number?
False
Is 1499963 prime?
True
Is 21990791 a prime number?
True
Is 397140743 a composite number?
True
Is 14354771 a composite number?
False
Is 3942437 composite?
True
Is 30664603 a prime number?
True
Is 11839949 a prime number?
False
Is 79211387 a composite number?
False
Is 59507 composite?
True
Is 2343031 a prime number?
True
Is 204791 prime?
True
Is 148342169 a composite number?
True
Is 1644103 a composite number?
False
Is 88247631 a composite number?
True
Is 3934387 prime?
False
Is 65612018 a prime number?
False
Is 2286437 a composite number?
False
Is 324800031 a prime number?
False
Is 106243 a prime number?
True
Is 103619447 prime?
True
Is 5900773 prime?
False
Is 26007659 composite?
False
Is 126817649 prime?
False
Is 26707781 a prime number?
True
Is 4321343 a composite number?
True
Is 97587543 prime?
False
Is 20007737 a prime number?
True
Is 183959 a composite number?
False
Is 19840571 a prime number?
True
Is 48623099 composite?
True
Is 105009613 prime?
True
Is 40889963 composite?
False
Is 7015691 prime?
True
Is 248977 a composite number?
True
Is 16442341 composite?
False
Is 43098827 prime?
True
Is 36909218 prime?
False
Is 43220711 a composite number?
False
Is 21865903 a composite number?
True
Is 1776412